5 + 1 + (-1 - 13)).
84
Evaluate 20 + (18 + 7 - 46) - (2 + -1) - 11.
-13
Evaluate -33 + -5 + 7 + 6 + -18 + -4.
-47
Evaluate -107 - (154 + -20 + -132).
-109
Evaluate (-21 - 1) + -23 + -20 + 7.
-58
(9 - (-10 + -7 + 16)) + 10 + -11
9
What is 29 - ((14 - 41) + 93)?
-37
Calculate (-4 - 2 - (-1 - -10)) + 68 + -10.
43
Calculate -1 - -19 - (-57 + (-38 - -38) + 38).
37
Calculate -80 - (-16 - (-4 + 1 - (49 + -42))).
-74
Evaluate -2 + 52 - (-2364 - -2372).
42
What is -26 + (1076 + -1092 - (1 + -116))?
73
Calculate (34 - -31) + 0 - 55.
10
26 - (-12 + -3 + (-19 - -10) + (-3 - -19))
34
What is 52 + -15 + (2 - 15) + 37?
61
What is (-35 - -33) + -9 + 1 - (-193 - -229)?
-46
-5 + (-2059 + 2074 - (10 - (-1 - (-1 - 0))))
0
Calculate 6 + (1 - 6) - (-19 + -28 + 25).
23
What is the value of -5 + (24 - 21 - 15 - -12) - (-1 - 8)?
4
What is (-1045 + 1000 - (0 + -36)) + (-36 - (2 + -1))?
-46
What is the value of 1 + -26 + -1789 + 1800?
-14
Evaluate 37 - (200 + -84 - 48).
-31
Calculate (-32 + 3 - (-348 + 368)) + -25.
-74
Evaluate -21 - -20 - (-24 + 25 + 60).
-62
Evaluate 37 - (-3 - (-35 - -35 - -15)).
55
Calculate 11 - 0 - 16 - (57 - 57).
-5
What is 38 - (55 - (42 + 72))?
97
What is the value of -45 + 35 - (11 - -38)?
-59
Evaluate (11 - -55) + -36 - -17.
47
Evaluate 59 + (-96 - -169) + -48.
84
What is the value of 59 - 3 - ((2 - -6) + (16 - 18))?
50
Calculate (-5 - -2 - -5 - (95 + -83)) + 85.
75
Evaluate -60 + 75 - (49 - -12).
-46
Evaluate (-17 - (-23 - 1)) + 26 - 13.
20
What is the value of (1 - -15) + (0 - (-111 - -191))?
-64
Evaluate (12 - 7) + 46 - (-17 - (1 + (-3 - 5))).
61
Evaluate 45 + (26 - 41) + 0.
30
11 - 0 - (-220 + 168)
63
Evaluate 14 + (0 + -15 - -6) + 10.
15
(2 - 0) + (-45 - (-12 + -13)) + -1
-19
Calculate -9 + 1 + 618 + -620 + 0 + 71 + -7.
54
What is the value of -4662 - -4642 - (-1 - 41) - (-61 + 0)?
83
What is the value of 22 - (62 + (-26 + 8 - 15))?
-7
5 - (-4 - (30 + -15))
24
Evaluate -16173 + 16302 + (-1 - 59).
69
What is the value of 57 + (155 - 80 - (3 + 38))?
91
Calculate 25 - (68 + -25) - (19 - 0).
-37
What is 75 + (-14 - -22) - ((17 - 22) + 8)?
80
Calculate (167 - 167) + -92 + 12 + -7.
-87
What is -79 + 122 + (76 - 43)?
76
What is 21 + (24 - (78 + -22))?
-11
Calculate 0 + (1 - -11 - (35 - 79 - -75)).
-19
Evaluate (-3 - (6 + -6)) + -10 + -2 + 20.
5
What is -30 + 2 - -1 - (23 + -6 - 61 - -54)?
-37
Evaluate (-8 - 0) + 1 - (-124 + 136 - 0) - 12.
-31
Evaluate 29 + (2 - (71 + (24 - 44))).
-20
What is the value of 1 + 5 + -10 + 14 + (14 + -3 - 9)?
12
0 + (-6 - (-10 + 1 + (30 - 40))) + -120
-107
Calculate 42 + -4 + -67 + 174.
145
What is (-21 + (53 - (6 - -5)) - 127) + (1 - 4)?
-109
Calculate -1 + -1 - -32 - 15 - -44.
59
What is the value of 58 + -52 + (-5 - (-4 + 4)) + -10?
-9
What is the value of 10 + (28 + (3 - 41) - (24 + 1 + -1))?
-24
-2 - (63 + -44 + -33 + 77 + 0)
-65
-16 - (-7 + 0) - (-6 - (6 + -34 + 6))
-25
What is 14 + (12 - (34 + -26 - -5) - (-14 - 4))?
31
Calculate -234 + 231 + (44 - 1) + -2.
38
Evaluate 9 + -31 + (1 - (14 + 1 - (-13 + 20))).
-29
Evaluate (-78 - -167) + -30 + 2.
61
What is the value of -29 + (84 - (-3 + 54)) + -78 + (-3 - -2)?
-75
Calculate 40 + (-89 - -40) + 8.
-1
What is 82 + -84 + (47 - 21)?
24
What is (21 + -42 - -43) + 33?
55
Calculate -21 + 2 - (-19 + 67 + -32 + -36).
1
Calculate 58 - (-1 - 0) - (5293 - 5280) - 9.
37
-40 - 1 - (-4 + (20 - 29) - (0 - 12))
-40
Evaluate -37 - (-46 - -10) - (41 + -2).
-40
82 + 8 + 3 + -16 + 9 + 3
89
Calculate (-14 + -27 - -47) + 4 + -98.
-88
Calculate -26 + (-9 - (-14 + -12) - 47).
-56
What is the value of -6 - (12 - ((2 - 15) + (59 - 39))) - 32?
-43
Evaluate ((3 - -3) + 2 - -4) + (-71 - -55).
-4
What is 16 - (4 + -3 + (33 - 22)) - -41?
45
Evaluate 1 + -24 + 1 + -14 + 11.
-25
What is -98 + 9 + 25 + (-11 - 26) - -1?
-100
What is (-33 - 15 - -59) + 59 - 32?
38
Calculate -63 - (-24 - 50) - 4.
7
Calculate -51 - (-40 - -12 - -10) - 8.
-41
What is -7 + -2 + -1 + (-36 - (-23 - -6) - -8)?
-21
What is (6 - (24 + 8) - -6) + -66 + 80?
-6
What is (0 + -2 - (30 - -29)) + (9 - 5) + 4?
-53
What is 0 - 134 - (2665 + -2806)?
7
Evaluate 38 + (0 + 16 - (-3 - -20)) - (-1 - 1).
39
What is the value of 20 - 53 - (-66 + -9)?
42
What is the value of -13 - ((-1 - -5) + (-162 - -153)) - (-74 - 3)?
69
Evaluate -45 - (-9 + 34 + 12 - 25).
-57
Evaluate (-203 + 0 - 23) + 93.
-133
Evaluate -2519 + 2519 + 0 + -3 + (80 - (-2 + -3)).
82
Evaluate 22 + -3 + (8 + 14 - (6 + 5)).
30
Calculate (-11 - -1) + 2 - (-1 - -1) - (-143091 - -143015).
68
Evaluate (-14 - 2) + 12 + (4 - 2 - -1).
-1
13 + -35 + 56 - (7 - -2)
25
12 + 2 + -84 + 81 + (-2 - 1)
8
What is the value of -1 + (74 - 5) + (13 - (11 + (14 - 10)))?
66
What is -8321 + 8334 - (-50 + 1)?
62
What is -10 + (-13 - -21) + 54 - 9?
43
Calculate 15 + (24 - (4 + 6)) + -23.
6
Evaluate 0 + 10 - (290 + (-385 - -126)).
-21
(0 - -11 - (-27 + -5 + -1)) + -3
41
What is -3 - (1 - 0) - ((25 - -5) + 14 + -85)?
37
Evaluate 14 + (-77 - -28) - -25.
-10
What is the value of 13 + -29 + 2 + (44 - 31) + 107?
106
Calculate 4 + (2 - (-2 + 5)) + 4 - (-13 + 3).
17
(-35 + -9 - -47) + (-1 - 0) - 22
-20
Evaluate 1 + (-12 - (-24 + 4 + -1)) + 5.
15
What is (12 - (-8 - (5 - 11))) + -24?
-10
Evaluate (0 - -4) + -4 - (9 - -1) - (583 - 632).
39
Evaluate 0 + -53 - (58 - 104).
-7
20 + 12 + (14 - 1 - 7) + -11
27
(-43 + 18 - 59) + 106
22
(60 - 148 - -55) + -6 + 12
-27
What is -2 - -10 - (112 - 119) - -18?
33
What is 9 - (-4 + 11) - 5 - 5 - -65 - 5?
52
49 - 0 - (-149 - (119 - 181))
136
What is (-47 - -1) + (1 + (-25 - -4) - (-359 + 342))?
-49
What is the value of -1 - 1 - (30 + (-88 - -44)) - (-1 - -11)?
2
What is 35 - ((-20 - -19) + 48)?
-12
What is 28 + (20 - 27) - (30 - (-3 + 15))?
3
Evaluate (-34 - -1) + 37 + -7 + -20 - -5.
-18
42 - 29 - (262 + -209 - (-1 - 0 - -3))
-38
Calculate (175 - 81 - 78) + -43.
-27
Evaluate 10 + 35 + -92 + 22 + -1.
-26
Evaluate (-14 - -58 - 42) + (-3 - 2) + -68.
-71
What is 6 + 1 + (-949 + 956 - (-1 - -24))?
-9
What is (-9 + 61 + (10 - 2) - -13) + (0 - -3)?
76
Calculate 12 - (42 + 3 + -74).
41
Evaluate 18 - (-17 + -3 + 19 + 22) - 29.
-32
Evaluate (5 - 4 - 0) + 6 + -5 + 0.
2
What is the value of -1318 + 1281 + 23 + -1 + -5?
-20
What is the value of -41 - (-8 + 7 + -40 - -22)?
-22
Calculate (-1 - 73) + 29 + -42 + -3 + (2 - -21).
-67
Evaluate 13 - ((-1 - (0 - 54)) + (-177 + 31 - -132)).
-26
Evaluate -35 + (-106 + 86 - -148).
93
What is the value of (2 + -110 - -2) + 10218 + -10204?
-92
(-46 - -1 - (3 + 2 - 2)) + 9
-39
Calculate -15 + -3 - (58 + 11 + (-72 - -93)).
-108
What is the value of -76 + -15 + 7 - -43?
-41
Evaluate (17 - 32 - -22) + (3 - 1 - 15).
-6
What is 3 + (11 - (16 - 1)) - 93?
-94
Calculate 52 - ((3 - 46) + 73).
22
What is the value of 174 + -178 + 131 + 19 + 3?
149
What is the value of (-19 - -64 - -2) + 5?
52
60 - (14 + (-950 - -944) + (4 + -2 - 6))
56
Calculate 45 - (57 + -16) - -14.
18
What is -61 + 43 + (42 + -32 - (1 + -2)) - -86?
79
Evaluate -23 - (16 + -22 + 22 + -16).
-23
What is the value of (-3 - (-1 + -2)) + (-45 - (41 + -49 - 134))?
97
What is the value of 456 + -391 + (-111 - 25)?
-71
10 + (27 - (45 + -20)) - (-1 - -1)
12
Evaluate -126 - (37 + -227 + 45).
19
-124 + 21 + -14 + 83
-34
-19 - (4 + -20 - (-36 + 27)) - 34
-46
25 - 37 - (9 + -40) - (0 + 18)
1
Calculate 15 + (-126 - -104) + -104 + 1 + 10.
-100
46 + -40 + (1 - 83) - (0 + 5 + 6)
-87
What is -111 - (-1 - -20 - (631 + -612))?
-111
What is the value of -5 - ((23 + -11 - 14) + -6 + 8)?
-5
What is the value of 12 + ((7 - 0) + 23 - 19) + 0?
23
What is the value of 4 + 317 + -345 + (-1 - -22)?
-3
Evaluate (9 - (-6 + 14 + 8)) + 9 + 4 + 12.
18
(6 - 5 - (56 - 46)) + (-60 - -11)
-58
What is the value of -13 + (28 - -6) - 49?
-28
What is -1 + 1 + -25 - (3678 - 3695)?
-8
Calculate (6 - 1) + -2223 + 2259.
41
What is the value of 5 - -2 - (-12 - ((2 - -1) + 9))?
31
What is 11 + (0 - 15) - -11?
7
What is the value of (-50 - (3 + 1)) + (-32 + 26 - (2 + -7))?
-55
Calculate 5 + (1 - 7 - (3 - -2)) - -3.
-3
Evaluate -25 - (-51 + (-36 - -39)).
23
Calculate -1842 + 1985 + 3 + -235.
-89
Evaluate -7 + 6 + -22 + 7 - (-13 + -46).
43
What is -46 + 10 + 85 + -88?
-39
Evaluate 4 + 19 - 30 - (19 - -2).
-28
Evaluate -3 - (32 - 4) - (-1743 - -1629).
83
What is the value of 18 - (36 - (-28 + 48))?
2
What is -7 - ((19 - -24) + -9 - 25) - 54